lculate the remainder when 6956 is divided by 15.
11
What is the remainder when 5196 is divided by 32?
12
What is the remainder when 475 is divided by 92?
15
What is the remainder when 362 is divided by 113?
23
Calculate the remainder when 1213 is divided by 7.
2
Calculate the remainder when 1126 is divided by 10.
6
Calculate the remainder when 1934 is divided by 9.
8
What is the remainder when 431 is divided by 62?
59
Calculate the remainder when 149 is divided by 56.
37
Calculate the remainder when 101 is divided by 7.
3
What is the remainder when 113 is divided by 13?
9
Calculate the remainder when 1077 is divided by 118.
15
What is the remainder when 505 is divided by 13?
11
Calculate the remainder when 42 is divided by 12.
6
Calculate the remainder when 127 is divided by 61.
5
What is the remainder when 111 is divided by 106?
5
Calculate the remainder when 48 is divided by 22.
4
Calculate the remainder when 2270 is divided by 109.
90
What is the remainder when 322 is divided by 65?
62
Calculate the remainder when 104 is divided by 29.
17
What is the remainder when 2556 is divided by 632?
28
Calculate the remainder when 220 is divided by 137.
83
What is the remainder when 3853 is divided by 30?
13
What is the remainder when 429 is divided by 8?
5
Calculate the remainder when 132 is divided by 31.
8
Calculate the remainder when 1123 is divided by 62.
7
What is the remainder when 2127 is divided by 13?
8
What is the remainder when 1009 is divided by 4?
1
Calculate the remainder when 1026 is divided by 147.
144
Calculate the remainder when 108 is divided by 28.
24
What is the remainder when 81 is divided by 51?
30
What is the remainder when 105 is divided by 14?
7
Calculate the remainder when 1428 is divided by 27.
24
What is the remainder when 1266 is divided by 27?
24
What is the remainder when 1347 is divided by 71?
69
What is the remainder when 123 is divided by 27?
15
What is the remainder when 232 is divided by 26?
24
Calculate the remainder when 90404 is divided by 369.
368
Calculate the remainder when 20663 is divided by 63.
62
What is the remainder when 195 is divided by 60?
15
What is the remainder when 39849 is divided by 54?
51
Calculate the remainder when 5203 is divided by 84.
79
Calculate the remainder when 510 is divided by 34.
0
What is the remainder when 80 is divided by 20?
0
What is the remainder when 1370 is divided by 49?
47
Calculate the remainder when 407 is divided by 103.
98
What is the remainder when 3688 is divided by 84?
76
Calculate the remainder when 380 is divided by 377.
3
What is the remainder when 438 is divided by 269?
169
Calculate the remainder when 291 is divided by 62.
43
What is the remainder when 1810 is divided by 182?
172
Calculate the remainder when 55 is divided by 20.
15
What is the remainder when 121 is divided by 65?
56
What is the remainder when 234 is divided by 37?
12
What is the remainder when 548 is divided by 17?
4
Calculate the remainder when 755 is divided by 21.
20
What is the remainder when 604 is divided by 291?
22
Calculate the remainder when 599 is divided by 94.
35
Calculate the remainder when 2325 is divided by 8.
5
Calculate the remainder when 190 is divided by 91.
8
What is the remainder when 735 is divided by 111?
69
What is the remainder when 682 is divided by 46?
38
What is the remainder when 2160 is divided by 33?
15
Calculate the remainder when 40 is divided by 9.
4
What is the remainder when 195 is divided by 18?
15
What is the remainder when 297 is divided by 111?
75
What is the remainder when 3459 is divided by 110?
49
Calculate the remainder when 254 is divided by 51.
50
Calculate the remainder when 46 is divided by 15.
1
Calculate the remainder when 168 is divided by 10.
8
Calculate the remainder when 12081 is divided by 159.
156
Calculate the remainder when 99 is divided by 22.
11
What is the remainder when 259 is divided by 90?
79
What is the remainder when 530 is divided by 53?
0
Calculate the remainder when 158 is divided by 27.
23
What is the remainder when 8287 is divided by 224?
223
Calculate the remainder when 1741 is divided by 88.
69
What is the remainder when 18569 is divided by 30?
29
What is the remainder when 118 is divided by 23?
3
What is the remainder when 2577 is divided by 30?
27
Calculate the remainder when 213 is divided by 14.
3
Calculate the remainder when 777 is divided by 13.
10
Calculate the remainder when 423 is divided by 71.
68
Calculate the remainder when 1052 is divided by 28.
16
Calculate the remainder when 6826 is divided by 23.
18
Calculate the remainder when 22 is divided by 20.
2
Calculate the remainder when 2240 is divided by 15.
5
Calculate the remainder when 4985 is divided by 1244.
9
What is the remainder when 7 is divided by 5?
2
What is the remainder when 68 is divided by 20?
8
Calculate the remainder when 81 is divided by 39.
3
What is the remainder when 158 is divided by 20?
18
Calculate the remainder when 706 is divided by 12.
10
What is the remainder when 638 is divided by 92?
86
What is the remainder when 421 is divided by 48?
37
Calculate the remainder when 160 is divided by 41.
37
What is the remainder when 106 is divided by 61?
45
What is the remainder when 3067 is divided by 1533?
1
Calculate the remainder when 209 is divided by 14.
13
What is the remainder when 897 is divided by 289?
30
What is the remainder when 2225 is divided by 738?
11
What is the remainder when 72 is divided by 15?
12
What is the remainder when 221 is divided by 37?
36
Calculate the remainder when 259 is divided by 58.
27
Calculate the remainder when 10842 is divided by 113.
107
What is the remainder when 2104 is divided by 27?
25
What is the remainder when 38 is divided by 21?
17
Calculate the remainder when 93 is divided by 25.
18
What is the remainder when 559 is divided by 140?
139
Calculate the remainder when 2377 is divided by 2.
1
Calculate the remainder when 602 is divided by 155.
137
What is the remainder when 502 is divided by 62?
6
Calculate the remainder when 191 is divided by 90.
11
Calculate the remainder when 4835 is divided by 62.
61
What is the remainder when 150 is divided by 39?
33
What is the remainder when 2826 is divided by 352?
10
What is the remainder when 795 is divided by 62?
51
What is the remainder when 676 is divided by 57?
49
Calculate the remainder when 222 is divided by 24.
6
What is the remainder when 387 is divided by 25?
12
What is the remainder when 163 is divided by 3?
1
What is the remainder when 2779 is divided by 20?
19
What is the remainder when 99 is divided by 21?
15
Calculate the remainder when 341 is divided by 49.
47
Calculate the remainder when 104 is divided by 18.
14
What is the remainder when 10 is divided by 10?
0
What is the remainder when 8941 is divided by 19?
11
What is the remainder when 6475 is divided by 209?
205
What is the remainder when 178 is divided by 30?
28
What is the remainder when 3734 is divided by 143?
16
What is the remainder when 97 is divided by 34?
29
Calculate the remainder when 1378 is divided by 92.
90
Calculate the remainder when 3801 is divided by 1900.
1
Calculate the remainder when 3052 is divided by 153.
145
Calculate the remainder when 660 is divided by 134.
124
Calculate the remainder when 68 is divided by 6.
2
Calculate the remainder when 5923 is divided by 114.
109
What is the remainder when 4238 is divided by 101?
97
What is the remainder when 2064 is divided by 90?
84
Calculate the remainder when 231 is divided by 18.
15
What is the remainder when 291 is divided by 13?
5
Calculate the remainder when 5167 is divided by 76.
75
Calculate the remainder when 100 is divided by 60.
40
What is the remainder when 1686 is divided by 212?
202
Calculate the remainder when 1148 is divided by 49.
21
Calculate the remainder when 403 is divided by 394.
9
What is the remainder when 11 is divided by 5?
1
What is the remainder when 759 is divided by 66?
33
What is the remainder when 956 is divided by 227?
48
Calculate the remainder when 1379 is divided by 679.
21
Calculate the remainder when 64 is divided by 14.
8
What is the remainder when 355 is divided by 236?
119
What is the remainder when 347 is divided by 53?
29
Calculate the remainder when 269 is divided by 76.
41
C